{"id":10624,"date":"2015-02-27T16:50:22","date_gmt":"2015-02-27T21:50:22","guid":{"rendered":"https:\/\/www.jeanlucwolff.com\/staging\/7001\/enfoque-artistico\/"},"modified":"2025-03-09T20:32:15","modified_gmt":"2025-03-10T00:32:15","slug":"enfoque-artistico","status":"publish","type":"page","link":"https:\/\/jeanlucwolff.com\/es\/enfoque-artistico\/","title":{"rendered":"Enfoque art\u00edstico"},"content":{"rendered":"\n<p class=\"has-text-align-center wp-block-paragraph\"><\/p>\n<p class=\"p1\">Mi enfoque art\u00edstico se basa en una profunda reflexi\u00f3n sobre los complejos v\u00ednculos que unen a los individuos y su entorno, sobre todo ante los retos sociales y ecol\u00f3gicos.<span class=\"Apple-converted-space\">  <\/span>y pol\u00edticos de nuestro tiempo. \u00bfQu\u00e9 hace a una empresa? \u00bfPuede florecer una sociedad coherente y pac\u00edfica en un mundo cuyo equilibrio est\u00e1 amenazado por todas partes?<\/p>\n<p class=\"p1\">A trav\u00e9s de mi trabajo, trato de explorar las relaciones humanas, la convivencia y lo que une o separa a las personas. Me fijo en sus valores, sus preocupaciones y su resistencia ante un mundo en constante cambio, en el que la fragilidad y la fortaleza coexisten en todos los \u00e1mbitos.<\/p>\n<p class=\"p1\" style=\"text-align: left;\">Mi enfoque art\u00edstico est\u00e1 en consonancia con la fotograf\u00eda contempor\u00e1nea, planteando cada serie como una reflexi\u00f3n visual sobre un tema o teor\u00eda concretos, haciendo hincapi\u00e9 en la est\u00e9tica pl\u00e1stica y po\u00e9tica. Mediante el car\u00e1cter serial de mis fotos y el uso reflexivo del color y la composici\u00f3n, invito al espectador a cuestionarse la forma en que convivimos, la forma en que creamos v\u00ednculos o nos distanciamos, la forma en que nos comprendemos o nos perdemos.<\/p>\n\n<div style=\"height:452px\" aria-hidden=\"true\" class=\"wp-block-spacer\"><\/div>\n\n<div style=\"height:100px\" aria-hidden=\"true\" class=\"wp-block-spacer\"><\/div>\n","protected":false},"excerpt":{"rendered":"<p>Mi enfoque art\u00edstico se basa en una profunda reflexi\u00f3n sobre los complejos v\u00ednculos que unen a los individuos y su entorno, sobre todo ante los retos sociales y ecol\u00f3gicos. y pol\u00edticos de nuestro tiempo. \u00bfQu\u00e9 hace a una empresa? \u00bfPuede florecer una sociedad coherente y pac\u00edfica en un mundo cuyo equilibrio est\u00e1 amenazado por todas&hellip;<\/p>\n","protected":false},"author":1,"featured_media":0,"parent":0,"menu_order":0,"comment_status":"open","ping_status":"open","template":"","meta":{"_acf_changed":false,"nf_dc_page":"","footnotes":""},"class_list":["post-10624","page","type-page","status-publish","hentry"],"acf":[],"yoast_head":"<!-- This site is optimized with the Yoast SEO plugin v28.4 - https:\/\/yoast.com\/product\/yoast-seo-wordpress\/ -->\n<title>Enfoque art\u00edstico &#183; Jean-Luc Wolff<\/title>\n<meta name=\"robots\" content=\"noindex, follow\" \/>\n<meta property=\"og:locale\" content=\"es_ES\" \/>\n<meta property=\"og:type\" content=\"article\" \/>\n<meta property=\"og:title\" content=\"Enfoque art\u00edstico &#183; Jean-Luc Wolff\" \/>\n<meta property=\"og:description\" content=\"Mi enfoque art\u00edstico se basa en una profunda reflexi\u00f3n sobre los complejos v\u00ednculos que unen a los individuos y su entorno, sobre todo ante los retos sociales y ecol\u00f3gicos. y pol\u00edticos de nuestro tiempo. \u00bfQu\u00e9 hace a una empresa? \u00bfPuede florecer una sociedad coherente y pac\u00edfica en un mundo cuyo equilibrio est\u00e1 amenazado por todas&hellip;\" \/>\n<meta property=\"og:url\" content=\"https:\/\/jeanlucwolff.com\/es\/enfoque-artistico\/\" \/>\n<meta property=\"og:site_name\" content=\"Jean-Luc Wolff\" \/>\n<meta property=\"article:publisher\" content=\"https:\/\/www.facebook.com\/JeanLucWolffPhotographe\" \/>\n<meta property=\"article:modified_time\" content=\"2025-03-10T00:32:15+00:00\" \/>\n<meta name=\"twitter:card\" content=\"summary_large_image\" \/>\n<meta name=\"twitter:site\" content=\"@jeanlucwolff\" \/>\n<meta name=\"twitter:label1\" content=\"Est. reading time\" \/>\n\t<meta name=\"twitter:data1\" content=\"1 minuto\" \/>\n<script type=\"application\/ld+json\" class=\"yoast-schema-graph\">{\"@context\":\"https:\\\/\\\/schema.org\",\"@graph\":[{\"@type\":\"WebPage\",\"@id\":\"https:\\\/\\\/jeanlucwolff.com\\\/es\\\/enfoque-artistico\\\/\",\"url\":\"https:\\\/\\\/jeanlucwolff.com\\\/es\\\/enfoque-artistico\\\/\",\"name\":\"Enfoque art\u00edstico &#183; Jean-Luc Wolff\",\"isPartOf\":{\"@id\":\"https:\\\/\\\/jeanlucwolff.com\\\/es\\\/#website\"},\"datePublished\":\"2015-02-27T21:50:22+00:00\",\"dateModified\":\"2025-03-10T00:32:15+00:00\",\"breadcrumb\":{\"@id\":\"https:\\\/\\\/jeanlucwolff.com\\\/es\\\/enfoque-artistico\\\/#breadcrumb\"},\"inLanguage\":\"es\",\"potentialAction\":[{\"@type\":\"ReadAction\",\"target\":[\"https:\\\/\\\/jeanlucwolff.com\\\/es\\\/enfoque-artistico\\\/\"]}]},{\"@type\":\"BreadcrumbList\",\"@id\":\"https:\\\/\\\/jeanlucwolff.com\\\/es\\\/enfoque-artistico\\\/#breadcrumb\",\"itemListElement\":[{\"@type\":\"ListItem\",\"position\":1,\"name\":\"Inicio\",\"item\":\"https:\\\/\\\/jeanlucwolff.com\\\/es\\\/\"},{\"@type\":\"ListItem\",\"position\":2,\"name\":\"Enfoque art\u00edstico\"}]},{\"@type\":\"WebSite\",\"@id\":\"https:\\\/\\\/jeanlucwolff.com\\\/es\\\/#website\",\"url\":\"https:\\\/\\\/jeanlucwolff.com\\\/es\\\/\",\"name\":\"Jean-Luc Wolff\",\"description\":\"Photography\",\"publisher\":{\"@id\":\"https:\\\/\\\/jeanlucwolff.com\\\/es\\\/#\\\/schema\\\/person\\\/5f5482fb52f206c6e06f1d98498c00c7\"},\"potentialAction\":[{\"@type\":\"SearchAction\",\"target\":{\"@type\":\"EntryPoint\",\"urlTemplate\":\"https:\\\/\\\/jeanlucwolff.com\\\/es\\\/?s={search_term_string}\"},\"query-input\":{\"@type\":\"PropertyValueSpecification\",\"valueRequired\":true,\"valueName\":\"search_term_string\"}}],\"inLanguage\":\"es\"},{\"@type\":[\"Person\",\"Organization\"],\"@id\":\"https:\\\/\\\/jeanlucwolff.com\\\/es\\\/#\\\/schema\\\/person\\\/5f5482fb52f206c6e06f1d98498c00c7\",\"name\":\"Jean-Luc Wolff\",\"image\":{\"@type\":\"ImageObject\",\"inLanguage\":\"es\",\"@id\":\"https:\\\/\\\/jeanlucwolff.com\\\/wp-content\\\/uploads\\\/2023\\\/12\\\/logo-color-gris-157.jpg\",\"url\":\"https:\\\/\\\/jeanlucwolff.com\\\/wp-content\\\/uploads\\\/2023\\\/12\\\/logo-color-gris-157.jpg\",\"contentUrl\":\"https:\\\/\\\/jeanlucwolff.com\\\/wp-content\\\/uploads\\\/2023\\\/12\\\/logo-color-gris-157.jpg\",\"width\":157,\"height\":157,\"caption\":\"Jean-Luc Wolff\"},\"logo\":{\"@id\":\"https:\\\/\\\/jeanlucwolff.com\\\/wp-content\\\/uploads\\\/2023\\\/12\\\/logo-color-gris-157.jpg\"},\"sameAs\":[\"https:\\\/\\\/jeanlucwolff.com\",\"https:\\\/\\\/www.facebook.com\\\/JeanLucWolffPhotographe\",\"https:\\\/\\\/www.instagram.com\\\/jeanlucwolffphoto\\\/\",\"https:\\\/\\\/www.linkedin.com\\\/in\\\/jean-luc-wolff-85a87643\\\/\",\"https:\\\/\\\/x.com\\\/jeanlucwolff\"]}]}<\/script>\n<!-- \/ Yoast SEO plugin. -->","yoast_head_json":{"title":"Enfoque art\u00edstico &#183; Jean-Luc Wolff","robots":{"index":"noindex","follow":"follow"},"og_locale":"es_ES","og_type":"article","og_title":"Enfoque art\u00edstico &#183; Jean-Luc Wolff","og_description":"Mi enfoque art\u00edstico se basa en una profunda reflexi\u00f3n sobre los complejos v\u00ednculos que unen a los individuos y su entorno, sobre todo ante los retos sociales y ecol\u00f3gicos. y pol\u00edticos de nuestro tiempo. \u00bfQu\u00e9 hace a una empresa? \u00bfPuede florecer una sociedad coherente y pac\u00edfica en un mundo cuyo equilibrio est\u00e1 amenazado por todas&hellip;","og_url":"https:\/\/jeanlucwolff.com\/es\/enfoque-artistico\/","og_site_name":"Jean-Luc Wolff","article_publisher":"https:\/\/www.facebook.com\/JeanLucWolffPhotographe","article_modified_time":"2025-03-10T00:32:15+00:00","twitter_card":"summary_large_image","twitter_site":"@jeanlucwolff","twitter_misc":{"Est. reading time":"1 minuto"},"schema":{"@context":"https:\/\/schema.org","@graph":[{"@type":"WebPage","@id":"https:\/\/jeanlucwolff.com\/es\/enfoque-artistico\/","url":"https:\/\/jeanlucwolff.com\/es\/enfoque-artistico\/","name":"Enfoque art\u00edstico &#183; Jean-Luc Wolff","isPartOf":{"@id":"https:\/\/jeanlucwolff.com\/es\/#website"},"datePublished":"2015-02-27T21:50:22+00:00","dateModified":"2025-03-10T00:32:15+00:00","breadcrumb":{"@id":"https:\/\/jeanlucwolff.com\/es\/enfoque-artistico\/#breadcrumb"},"inLanguage":"es","potentialAction":[{"@type":"ReadAction","target":["https:\/\/jeanlucwolff.com\/es\/enfoque-artistico\/"]}]},{"@type":"BreadcrumbList","@id":"https:\/\/jeanlucwolff.com\/es\/enfoque-artistico\/#breadcrumb","itemListElement":[{"@type":"ListItem","position":1,"name":"Inicio","item":"https:\/\/jeanlucwolff.com\/es\/"},{"@type":"ListItem","position":2,"name":"Enfoque art\u00edstico"}]},{"@type":"WebSite","@id":"https:\/\/jeanlucwolff.com\/es\/#website","url":"https:\/\/jeanlucwolff.com\/es\/","name":"Jean-Luc Wolff","description":"Photography","publisher":{"@id":"https:\/\/jeanlucwolff.com\/es\/#\/schema\/person\/5f5482fb52f206c6e06f1d98498c00c7"},"potentialAction":[{"@type":"SearchAction","target":{"@type":"EntryPoint","urlTemplate":"https:\/\/jeanlucwolff.com\/es\/?s={search_term_string}"},"query-input":{"@type":"PropertyValueSpecification","valueRequired":true,"valueName":"search_term_string"}}],"inLanguage":"es"},{"@type":["Person","Organization"],"@id":"https:\/\/jeanlucwolff.com\/es\/#\/schema\/person\/5f5482fb52f206c6e06f1d98498c00c7","name":"Jean-Luc Wolff","image":{"@type":"ImageObject","inLanguage":"es","@id":"https:\/\/jeanlucwolff.com\/wp-content\/uploads\/2023\/12\/logo-color-gris-157.jpg","url":"https:\/\/jeanlucwolff.com\/wp-content\/uploads\/2023\/12\/logo-color-gris-157.jpg","contentUrl":"https:\/\/jeanlucwolff.com\/wp-content\/uploads\/2023\/12\/logo-color-gris-157.jpg","width":157,"height":157,"caption":"Jean-Luc Wolff"},"logo":{"@id":"https:\/\/jeanlucwolff.com\/wp-content\/uploads\/2023\/12\/logo-color-gris-157.jpg"},"sameAs":["https:\/\/jeanlucwolff.com","https:\/\/www.facebook.com\/JeanLucWolffPhotographe","https:\/\/www.instagram.com\/jeanlucwolffphoto\/","https:\/\/www.linkedin.com\/in\/jean-luc-wolff-85a87643\/","https:\/\/x.com\/jeanlucwolff"]}]}},"_links":{"self":[{"href":"https:\/\/jeanlucwolff.com\/es\/wp-json\/wp\/v2\/pages\/10624","targetHints":{"allow":["GET"]}}],"collection":[{"href":"https:\/\/jeanlucwolff.com\/es\/wp-json\/wp\/v2\/pages"}],"about":[{"href":"https:\/\/jeanlucwolff.com\/es\/wp-json\/wp\/v2\/types\/page"}],"author":[{"embeddable":true,"href":"https:\/\/jeanlucwolff.com\/es\/wp-json\/wp\/v2\/users\/1"}],"replies":[{"embeddable":true,"href":"https:\/\/jeanlucwolff.com\/es\/wp-json\/wp\/v2\/comments?post=10624"}],"version-history":[{"count":1,"href":"https:\/\/jeanlucwolff.com\/es\/wp-json\/wp\/v2\/pages\/10624\/revisions"}],"predecessor-version":[{"id":10629,"href":"https:\/\/jeanlucwolff.com\/es\/wp-json\/wp\/v2\/pages\/10624\/revisions\/10629"}],"wp:attachment":[{"href":"https:\/\/jeanlucwolff.com\/es\/wp-json\/wp\/v2\/media?parent=10624"}],"curies":[{"name":"wp","href":"https:\/\/api.w.org\/{rel}","templated":true}]}}

Enfoque artístico

<p class="has-text-align-center wp-block-paragraph"></p>
<p class="p1">Mi enfoque artístico se basa en una profunda reflexión sobre los complejos vínculos que unen a los individuos y su entorno, sobre todo ante los retos sociales y ecológicos.<span class="Apple-converted-space">  </span>y políticos de nuestro tiempo. ¿Qué hace a una empresa? ¿Puede florecer una sociedad coherente y pacífica en un mundo cuyo equilibrio está amenazado por todas partes?</p>
<p class="p1">A través de mi trabajo, trato de explorar las relaciones humanas, la convivencia y lo que une o separa a las personas. Me fijo en sus valores, sus preocupaciones y su resistencia ante un mundo en constante cambio, en el que la fragilidad y la fortaleza coexisten en todos los ámbitos.</p>
<p class="p1" style="text-align: left;">Mi enfoque artístico está en consonancia con la fotografía contemporánea, planteando cada serie como una reflexión visual sobre un tema o teoría concretos, haciendo hincapié en la estética plástica y poética. Mediante el carácter serial de mis fotos y el uso reflexivo del color y la composición, invito al espectador a cuestionarse la forma en que convivimos, la forma en que creamos vínculos o nos distanciamos, la forma en que nos comprendemos o nos perdemos.</p>

<div style="height:452px" aria-hidden="true" class="wp-block-spacer"></div>

<div style="height:100px" aria-hidden="true" class="wp-block-spacer"></div>

<p>Mi enfoque artístico se basa en una profunda reflexión sobre los complejos vínculos que unen a los individuos y su entorno, sobre todo ante los retos sociales y ecológicos. y políticos de nuestro tiempo. ¿Qué hace a una empresa? ¿Puede florecer una sociedad coherente y pacífica en un mundo cuyo equilibrio está amenazado por todas&hellip;</p>

<!-- This site is optimized with the Yoast SEO plugin v28.4 - https://yoast.com/product/yoast-seo-wordpress/ -->
<title>Enfoque artístico &#183; Jean-Luc Wolff</title>
<meta name="robots" content="noindex, follow" />
<meta property="og:locale" content="es_ES" />
<meta property="og:type" content="article" />
<meta property="og:title" content="Enfoque artístico &#183; Jean-Luc Wolff" />
<meta property="og:description" content="Mi enfoque artístico se basa en una profunda reflexión sobre los complejos vínculos que unen a los individuos y su entorno, sobre todo ante los retos sociales y ecológicos. y políticos de nuestro tiempo. ¿Qué hace a una empresa? ¿Puede florecer una sociedad coherente y pacífica en un mundo cuyo equilibrio está amenazado por todas&hellip;" />
<meta property="og:url" content="https://jeanlucwolff.com/es/enfoque-artistico/" />
<meta property="og:site_name" content="Jean-Luc Wolff" />
<meta property="article:publisher" content="https://www.facebook.com/JeanLucWolffPhotographe" />
<meta property="article:modified_time" content="2025-03-10T00:32:15+00:00" />
<meta name="twitter:card" content="summary_large_image" />
<meta name="twitter:site" content="@jeanlucwolff" />
<meta name="twitter:label1" content="Est. reading time" />
	<meta name="twitter:data1" content="1 minuto" />
<script type="application/ld+json" class="yoast-schema-graph">{"@context":"https:\/\/schema.org","@graph":[{"@type":"WebPage","@id":"https:\/\/jeanlucwolff.com\/es\/enfoque-artistico\/","url":"https:\/\/jeanlucwolff.com\/es\/enfoque-artistico\/","name":"Enfoque artístico &#183; Jean-Luc Wolff","isPartOf":{"@id":"https:\/\/jeanlucwolff.com\/es\/#website"},"datePublished":"2015-02-27T21:50:22+00:00","dateModified":"2025-03-10T00:32:15+00:00","breadcrumb":{"@id":"https:\/\/jeanlucwolff.com\/es\/enfoque-artistico\/#breadcrumb"},"inLanguage":"es","potentialAction":[{"@type":"ReadAction","target":["https:\/\/jeanlucwolff.com\/es\/enfoque-artistico\/"]}]},{"@type":"BreadcrumbList","@id":"https:\/\/jeanlucwolff.com\/es\/enfoque-artistico\/#breadcrumb","itemListElement":[{"@type":"ListItem","position":1,"name":"Inicio","item":"https:\/\/jeanlucwolff.com\/es\/"},{"@type":"ListItem","position":2,"name":"Enfoque artístico"}]},{"@type":"WebSite","@id":"https:\/\/jeanlucwolff.com\/es\/#website","url":"https:\/\/jeanlucwolff.com\/es\/","name":"Jean-Luc Wolff","description":"Photography","publisher":{"@id":"https:\/\/jeanlucwolff.com\/es\/#\/schema\/person\/5f5482fb52f206c6e06f1d98498c00c7"},"potentialAction":[{"@type":"SearchAction","target":{"@type":"EntryPoint","urlTemplate":"https:\/\/jeanlucwolff.com\/es\/?s={search_term_string}"},"query-input":{"@type":"PropertyValueSpecification","valueRequired":true,"valueName":"search_term_string"}}],"inLanguage":"es"},{"@type":["Person","Organization"],"@id":"https:\/\/jeanlucwolff.com\/es\/#\/schema\/person\/5f5482fb52f206c6e06f1d98498c00c7","name":"Jean-Luc Wolff","image":{"@type":"ImageObject","inLanguage":"es","@id":"https:\/\/jeanlucwolff.com\/wp-content\/uploads\/2023\/12\/logo-color-gris-157.jpg","url":"https:\/\/jeanlucwolff.com\/wp-content\/uploads\/2023\/12\/logo-color-gris-157.jpg","contentUrl":"https:\/\/jeanlucwolff.com\/wp-content\/uploads\/2023\/12\/logo-color-gris-157.jpg","width":157,"height":157,"caption":"Jean-Luc Wolff"},"logo":{"@id":"https:\/\/jeanlucwolff.com\/wp-content\/uploads\/2023\/12\/logo-color-gris-157.jpg"},"sameAs":["https:\/\/jeanlucwolff.com","https:\/\/www.facebook.com\/JeanLucWolffPhotographe","https:\/\/www.instagram.com\/jeanlucwolffphoto\/","https:\/\/www.linkedin.com\/in\/jean-luc-wolff-85a87643\/","https:\/\/x.com\/jeanlucwolff"]}]}</script>
<!-- / Yoast SEO plugin. -->

Enfoque artístico &#183; Jean-Luc Wolff

Mi enfoque artístico se basa en una profunda reflexión sobre los complejos vínculos que unen a los individuos y su entorno, sobre todo ante los retos sociales y ecológicos. y políticos de nuestro tiempo. ¿Qué hace a una empresa? ¿Puede florecer una sociedad coherente y pacífica en un mundo cuyo equilibrio está amenazado por todas&hellip;
