{"id":10601,"date":"2025-03-08T20:25:02","date_gmt":"2025-03-09T01:25:02","guid":{"rendered":"https:\/\/www.jeanlucwolff.com\/staging\/7001\/media-presse\/"},"modified":"2025-03-09T20:32:07","modified_gmt":"2025-03-10T00:32:07","slug":"media-presse","status":"publish","type":"page","link":"https:\/\/jeanlucwolff.com\/es\/media-presse\/","title":{"rendered":"Media-Presse"},"content":{"rendered":"\n<ul class=\"wp-block-list\">\n<li class=\"\">The Record: <a href=\"https:\/\/jeanlucwolff.com\/wp-content\/uploads\/2025\/03\/Sherbrooke_Record2025-02-03_page5.pdf\">La exposici\u00f3n fotogr\u00e1fica T\u00eate &#8211; \u00e0 &#8211; la &#8211; Baleine llega a Uplands<\/a> <\/li>\n\n\n\n<li class=\"\">CJTB-Radio &#8211; F. Levesque: <a href=\"https:\/\/cjtbradio.ca\/tete-a-la-baleine-au-coeur-dune-expo-photo-en-estrie\/\">T\u00eate &#8211; \u00e0 &#8211; la &#8211; Baleine en el coraz\u00f3n de una exposici\u00f3n fotogr\u00e1fica en los Municipios del Este<\/a><\/li>\n\n\n\n<li class=\"\">Fr\u00e9quenceinfo &#8211; F. Levesque: <a href=\"https:\/\/www.frequenceinfo.ca\/nouvelles\/tete-a-la-baleine-au-coeur-dune-expo-photo-en-estrie\/\">T\u00eate &#8211; \u00e0 &#8211; la &#8211; Baleine en el centro de una exposici\u00f3n fotogr\u00e1fica en los Municipios del Este<\/a><\/li>\n\n\n\n<li class=\"\">L&#8217;Oeil de la Photographie &#8211; Es verano &#8211; <a href=\"https:\/\/www.facebook.com\/share\/p\/1629Qj7CrL\/\">Dos colores<\/a><\/li>\n\n\n\n<li class=\"\">L&#8217;Express Drummondville <a href=\"https:\/\/www.journalexpress.ca\/2024\/07\/08\/de-nouvelles-expositions-estivales-au-musee-de-la-photographie\/\">&#8211; Nuevas exposiciones de verano en el Museo de la Fotograf\u00eda<\/a><\/li>\n\n\n\n<li class=\"\">Le Mus\u00e9e de la Photographie Desjardins &#8211; <a href=\"https:\/\/www.facebook.com\/share\/p\/18ehb2FnVt\/\">Ampliaci\u00f3n de &#8220;Blue Mood<\/a><\/li>\n\n\n\n<li class=\"\">L&#8217;Oeil de la Photographie &#8211; San <a href=\"https:\/\/www.facebook.com\/share\/p\/16BTij4Hak\/\">Valent\u00edn 2024 &#8211; Feliz D\u00eda de San Valent\u00edn<\/a><\/li>\n\n\n\n<li class=\"\">CFLX &#8211; P\u00eale-M\u00eale &#8211; Entrevista con Sylvie L. Bergeron &#8211; <a href=\"https:\/\/soundcloud.com\/jlwolff\/pele-mele-jluc-wolff-fev-2024?si=fb5eece3bb3d4b23a637bad0f1d7fc62&amp;utm_source=facebook&amp;utm_medium=post&amp;utm_campaign=social_sharing\">parte 2<\/a><\/li>\n\n\n\n<li class=\"\">CFLX &#8211; P\u00eale-M\u00eale &#8211; Entrevista con Sylvie L. Bergeron &#8211; <a href=\"https:\/\/soundcloud.com\/jlwolff\/pele-mele-jluc-wolff-fev-1?si=c7f872a8ddbe419b94559cda38add4c4&amp;utm_source=facebook&amp;utm_medium=post&amp;utm_campaign=social_sharing\">parte 1<\/a><\/li>\n\n\n\n<li class=\"\">Marie-Claude Veilleux &#8211; Radio Canada &#8211; Ici Estrie &#8211; <a href=\"https:\/\/www.facebook.com\/share\/1LrLVA59gc\/\">Estas fotos son realmente bellas y fascinantes<\/a><\/li>\n\n\n\n<li class=\"\">L&#8217;Express Drummondville &#8211; <a href=\"https:\/\/www.journalexpress.ca\/2024\/02\/04\/musee-de-la-photographie-un-vernissage-sous-le-signe-de-la-relance\/\">Mus\u00e9e de la Photographie: un vernissage de relanzamiento<\/a><\/li>\n\n\n\n<li class=\"\">Radio-Canada &#8211; Ohdio &#8211; Vivement le retour &#8211; Laurie Dufresne &#8211; Anik Moulin &#8211; <a href=\"https:\/\/ici.radio-canada.ca\/ohdio\/premiere\/emissions\/vivement-le-retour\/segments\/rattrapage\/1124556\/exposition-blue-mood-photographe-jean-luc-wolff\">Blue Mood<\/a><\/li>\n\n\n\n<li class=\"\">Radio-Canada &#8211; Ohdio &#8211; Toujours le matin &#8211; Marie-Claude Julien Fabiola Toupin &#8211; <a href=\"https:\/\/ici.radio-canada.ca\/ohdio\/premiere\/emissions\/toujours-le-matin\/segments\/rattrapage\/1116661\/nouvelles-culturelles-avec-fabiola-toupin\">Blue Mood<\/a><\/li>\n\n\n\n<li class=\"\">Radio-Canada &#8211; Ohdio &#8211; Par ici l&#8217;info &#8211; Mathieu Beaumont &#8211; <a href=\"https:\/\/ici.radio-canada.ca\/ohdio\/premiere\/emissions\/Par-ici-l-info\/segments\/rattrapage\/1361709\/culture-exposition-photographe-jean-luc-wolf-a-drummondville\">Blue Mood<\/a><\/li>\n\n\n\n<li class=\"\">Le Mus\u00e9e de la Photographie Desjardins &#8211; Jocelyne Fortin, Directora, inaugura &#8220;Blue Mood&#8221; &#8211; <a href=\"https:\/\/www.facebook.com\/share\/v\/14DPMdUshxG\/\">Extracto del vernissage<\/a><\/li>\n\n\n\n<li class=\"\">Anik Moulin &#8211; Radio Canada &#8211; Ici Estrie &#8211; <a href=\"https:\/\/www.facebook.com\/share\/p\/1A2bUbgiRt\/\">El fot\u00f3grafo Jean-Luc Wolff nos invita a pasear y meditar por las largas playas de Maine<\/a><\/li>\n\n\n\n<li class=\"\">El Ojo de la Fotograf\u00eda &#8211; Es verano &#8211; <a href=\"https:\/\/loeildelaphotographie.com\/fr\/cest-lete-jean-luc-wolff-3\/\">Guadalupe<\/a><\/li>\n\n\n\n<li class=\"\">L&#8217;Oeil de la Photographie &#8211; Es verano &#8211; <a href=\"https:\/\/loeildelaphotographie.com\/fr\/cest-lete-jean-luc-wolff-2\/\">Hulot 2.0<\/a><\/li>\n\n\n\n<li class=\"\">L&#8217;Oeil de la Photographie &#8211; Es verano &#8211; <a href=\"https:\/\/loeildelaphotographie.com\/fr\/cest-lete-jean-luc-wolff\/\">South Beach<\/a><\/li>\n<\/ul>\n\n<p class=\"wp-block-paragraph\"><\/p>\n","protected":false},"excerpt":{"rendered":"","protected":false},"author":1,"featured_media":0,"parent":0,"menu_order":0,"comment_status":"closed","ping_status":"closed","template":"","meta":{"_acf_changed":false,"nf_dc_page":"","footnotes":""},"class_list":["post-10601","page","type-page","status-publish","hentry"],"acf":[],"yoast_head":"<!-- This site is optimized with the Yoast SEO plugin v28.4 - https:\/\/yoast.com\/product\/yoast-seo-wordpress\/ -->\n<title>Media-Presse &#183; Jean-Luc Wolff<\/title>\n<meta name=\"robots\" content=\"noindex, follow\" \/>\n<meta property=\"og:locale\" content=\"es_ES\" \/>\n<meta property=\"og:type\" content=\"article\" \/>\n<meta property=\"og:title\" content=\"Media-Presse &#183; Jean-Luc Wolff\" \/>\n<meta property=\"og:url\" content=\"https:\/\/jeanlucwolff.com\/es\/media-presse\/\" \/>\n<meta property=\"og:site_name\" content=\"Jean-Luc Wolff\" \/>\n<meta property=\"article:publisher\" content=\"https:\/\/www.facebook.com\/JeanLucWolffPhotographe\" \/>\n<meta property=\"article:modified_time\" content=\"2025-03-10T00:32:07+00:00\" \/>\n<meta name=\"twitter:card\" content=\"summary_large_image\" \/>\n<meta name=\"twitter:site\" content=\"@jeanlucwolff\" \/>\n<meta name=\"twitter:label1\" content=\"Est. reading time\" \/>\n\t<meta name=\"twitter:data1\" content=\"1 minuto\" \/>\n<script type=\"application\/ld+json\" class=\"yoast-schema-graph\">{\"@context\":\"https:\\\/\\\/schema.org\",\"@graph\":[{\"@type\":\"WebPage\",\"@id\":\"https:\\\/\\\/jeanlucwolff.com\\\/es\\\/media-presse\\\/\",\"url\":\"https:\\\/\\\/jeanlucwolff.com\\\/es\\\/media-presse\\\/\",\"name\":\"Media-Presse &#183; Jean-Luc Wolff\",\"isPartOf\":{\"@id\":\"https:\\\/\\\/jeanlucwolff.com\\\/es\\\/#website\"},\"datePublished\":\"2025-03-09T01:25:02+00:00\",\"dateModified\":\"2025-03-10T00:32:07+00:00\",\"breadcrumb\":{\"@id\":\"https:\\\/\\\/jeanlucwolff.com\\\/es\\\/media-presse\\\/#breadcrumb\"},\"inLanguage\":\"es\",\"potentialAction\":[{\"@type\":\"ReadAction\",\"target\":[\"https:\\\/\\\/jeanlucwolff.com\\\/es\\\/media-presse\\\/\"]}]},{\"@type\":\"BreadcrumbList\",\"@id\":\"https:\\\/\\\/jeanlucwolff.com\\\/es\\\/media-presse\\\/#breadcrumb\",\"itemListElement\":[{\"@type\":\"ListItem\",\"position\":1,\"name\":\"Inicio\",\"item\":\"https:\\\/\\\/jeanlucwolff.com\\\/es\\\/\"},{\"@type\":\"ListItem\",\"position\":2,\"name\":\"Media-Presse\"}]},{\"@type\":\"WebSite\",\"@id\":\"https:\\\/\\\/jeanlucwolff.com\\\/es\\\/#website\",\"url\":\"https:\\\/\\\/jeanlucwolff.com\\\/es\\\/\",\"name\":\"Jean-Luc Wolff\",\"description\":\"Photography\",\"publisher\":{\"@id\":\"https:\\\/\\\/jeanlucwolff.com\\\/es\\\/#\\\/schema\\\/person\\\/5f5482fb52f206c6e06f1d98498c00c7\"},\"potentialAction\":[{\"@type\":\"SearchAction\",\"target\":{\"@type\":\"EntryPoint\",\"urlTemplate\":\"https:\\\/\\\/jeanlucwolff.com\\\/es\\\/?s={search_term_string}\"},\"query-input\":{\"@type\":\"PropertyValueSpecification\",\"valueRequired\":true,\"valueName\":\"search_term_string\"}}],\"inLanguage\":\"es\"},{\"@type\":[\"Person\",\"Organization\"],\"@id\":\"https:\\\/\\\/jeanlucwolff.com\\\/es\\\/#\\\/schema\\\/person\\\/5f5482fb52f206c6e06f1d98498c00c7\",\"name\":\"Jean-Luc Wolff\",\"image\":{\"@type\":\"ImageObject\",\"inLanguage\":\"es\",\"@id\":\"https:\\\/\\\/jeanlucwolff.com\\\/wp-content\\\/uploads\\\/2023\\\/12\\\/logo-color-gris-157.jpg\",\"url\":\"https:\\\/\\\/jeanlucwolff.com\\\/wp-content\\\/uploads\\\/2023\\\/12\\\/logo-color-gris-157.jpg\",\"contentUrl\":\"https:\\\/\\\/jeanlucwolff.com\\\/wp-content\\\/uploads\\\/2023\\\/12\\\/logo-color-gris-157.jpg\",\"width\":157,\"height\":157,\"caption\":\"Jean-Luc Wolff\"},\"logo\":{\"@id\":\"https:\\\/\\\/jeanlucwolff.com\\\/wp-content\\\/uploads\\\/2023\\\/12\\\/logo-color-gris-157.jpg\"},\"sameAs\":[\"https:\\\/\\\/jeanlucwolff.com\",\"https:\\\/\\\/www.facebook.com\\\/JeanLucWolffPhotographe\",\"https:\\\/\\\/www.instagram.com\\\/jeanlucwolffphoto\\\/\",\"https:\\\/\\\/www.linkedin.com\\\/in\\\/jean-luc-wolff-85a87643\\\/\",\"https:\\\/\\\/x.com\\\/jeanlucwolff\"]}]}<\/script>\n<!-- \/ Yoast SEO plugin. -->","yoast_head_json":{"title":"Media-Presse &#183; Jean-Luc Wolff","robots":{"index":"noindex","follow":"follow"},"og_locale":"es_ES","og_type":"article","og_title":"Media-Presse &#183; Jean-Luc Wolff","og_url":"https:\/\/jeanlucwolff.com\/es\/media-presse\/","og_site_name":"Jean-Luc Wolff","article_publisher":"https:\/\/www.facebook.com\/JeanLucWolffPhotographe","article_modified_time":"2025-03-10T00:32:07+00:00","twitter_card":"summary_large_image","twitter_site":"@jeanlucwolff","twitter_misc":{"Est. reading time":"1 minuto"},"schema":{"@context":"https:\/\/schema.org","@graph":[{"@type":"WebPage","@id":"https:\/\/jeanlucwolff.com\/es\/media-presse\/","url":"https:\/\/jeanlucwolff.com\/es\/media-presse\/","name":"Media-Presse &#183; Jean-Luc Wolff","isPartOf":{"@id":"https:\/\/jeanlucwolff.com\/es\/#website"},"datePublished":"2025-03-09T01:25:02+00:00","dateModified":"2025-03-10T00:32:07+00:00","breadcrumb":{"@id":"https:\/\/jeanlucwolff.com\/es\/media-presse\/#breadcrumb"},"inLanguage":"es","potentialAction":[{"@type":"ReadAction","target":["https:\/\/jeanlucwolff.com\/es\/media-presse\/"]}]},{"@type":"BreadcrumbList","@id":"https:\/\/jeanlucwolff.com\/es\/media-presse\/#breadcrumb","itemListElement":[{"@type":"ListItem","position":1,"name":"Inicio","item":"https:\/\/jeanlucwolff.com\/es\/"},{"@type":"ListItem","position":2,"name":"Media-Presse"}]},{"@type":"WebSite","@id":"https:\/\/jeanlucwolff.com\/es\/#website","url":"https:\/\/jeanlucwolff.com\/es\/","name":"Jean-Luc Wolff","description":"Photography","publisher":{"@id":"https:\/\/jeanlucwolff.com\/es\/#\/schema\/person\/5f5482fb52f206c6e06f1d98498c00c7"},"potentialAction":[{"@type":"SearchAction","target":{"@type":"EntryPoint","urlTemplate":"https:\/\/jeanlucwolff.com\/es\/?s={search_term_string}"},"query-input":{"@type":"PropertyValueSpecification","valueRequired":true,"valueName":"search_term_string"}}],"inLanguage":"es"},{"@type":["Person","Organization"],"@id":"https:\/\/jeanlucwolff.com\/es\/#\/schema\/person\/5f5482fb52f206c6e06f1d98498c00c7","name":"Jean-Luc Wolff","image":{"@type":"ImageObject","inLanguage":"es","@id":"https:\/\/jeanlucwolff.com\/wp-content\/uploads\/2023\/12\/logo-color-gris-157.jpg","url":"https:\/\/jeanlucwolff.com\/wp-content\/uploads\/2023\/12\/logo-color-gris-157.jpg","contentUrl":"https:\/\/jeanlucwolff.com\/wp-content\/uploads\/2023\/12\/logo-color-gris-157.jpg","width":157,"height":157,"caption":"Jean-Luc Wolff"},"logo":{"@id":"https:\/\/jeanlucwolff.com\/wp-content\/uploads\/2023\/12\/logo-color-gris-157.jpg"},"sameAs":["https:\/\/jeanlucwolff.com","https:\/\/www.facebook.com\/JeanLucWolffPhotographe","https:\/\/www.instagram.com\/jeanlucwolffphoto\/","https:\/\/www.linkedin.com\/in\/jean-luc-wolff-85a87643\/","https:\/\/x.com\/jeanlucwolff"]}]}},"_links":{"self":[{"href":"https:\/\/jeanlucwolff.com\/es\/wp-json\/wp\/v2\/pages\/10601","targetHints":{"allow":["GET"]}}],"collection":[{"href":"https:\/\/jeanlucwolff.com\/es\/wp-json\/wp\/v2\/pages"}],"about":[{"href":"https:\/\/jeanlucwolff.com\/es\/wp-json\/wp\/v2\/types\/page"}],"author":[{"embeddable":true,"href":"https:\/\/jeanlucwolff.com\/es\/wp-json\/wp\/v2\/users\/1"}],"replies":[{"embeddable":true,"href":"https:\/\/jeanlucwolff.com\/es\/wp-json\/wp\/v2\/comments?post=10601"}],"version-history":[{"count":1,"href":"https:\/\/jeanlucwolff.com\/es\/wp-json\/wp\/v2\/pages\/10601\/revisions"}],"predecessor-version":[{"id":10619,"href":"https:\/\/jeanlucwolff.com\/es\/wp-json\/wp\/v2\/pages\/10601\/revisions\/10619"}],"wp:attachment":[{"href":"https:\/\/jeanlucwolff.com\/es\/wp-json\/wp\/v2\/media?parent=10601"}],"curies":[{"name":"wp","href":"https:\/\/api.w.org\/{rel}","templated":true}]}}

<ul class="wp-block-list">
<li class="">The Record: <a href="https://jeanlucwolff.com/wp-content/uploads/2025/03/Sherbrooke_Record2025-02-03_page5.pdf">La exposición fotográfica Tête &#8211; à &#8211; la &#8211; Baleine llega a Uplands</a> </li>



<li class="">CJTB-Radio &#8211; F. Levesque: <a href="https://cjtbradio.ca/tete-a-la-baleine-au-coeur-dune-expo-photo-en-estrie/">Tête &#8211; à &#8211; la &#8211; Baleine en el corazón de una exposición fotográfica en los Municipios del Este</a></li>



<li class="">Fréquenceinfo &#8211; F. Levesque: <a href="https://www.frequenceinfo.ca/nouvelles/tete-a-la-baleine-au-coeur-dune-expo-photo-en-estrie/">Tête &#8211; à &#8211; la &#8211; Baleine en el centro de una exposición fotográfica en los Municipios del Este</a></li>



<li class="">L&#8217;Oeil de la Photographie &#8211; Es verano &#8211; <a href="https://www.facebook.com/share/p/1629Qj7CrL/">Dos colores</a></li>



<li class="">L&#8217;Express Drummondville <a href="https://www.journalexpress.ca/2024/07/08/de-nouvelles-expositions-estivales-au-musee-de-la-photographie/">&#8211; Nuevas exposiciones de verano en el Museo de la Fotografía</a></li>



<li class="">Le Musée de la Photographie Desjardins &#8211; <a href="https://www.facebook.com/share/p/18ehb2FnVt/">Ampliación de &#8220;Blue Mood</a></li>



<li class="">L&#8217;Oeil de la Photographie &#8211; San <a href="https://www.facebook.com/share/p/16BTij4Hak/">Valentín 2024 &#8211; Feliz Día de San Valentín</a></li>



<li class="">CFLX &#8211; Pêle-Mêle &#8211; Entrevista con Sylvie L. Bergeron &#8211; <a href="https://soundcloud.com/jlwolff/pele-mele-jluc-wolff-fev-2024?si=fb5eece3bb3d4b23a637bad0f1d7fc62&amp;utm_source=facebook&amp;utm_medium=post&amp;utm_campaign=social_sharing">parte 2</a></li>



<li class="">CFLX &#8211; Pêle-Mêle &#8211; Entrevista con Sylvie L. Bergeron &#8211; <a href="https://soundcloud.com/jlwolff/pele-mele-jluc-wolff-fev-1?si=c7f872a8ddbe419b94559cda38add4c4&amp;utm_source=facebook&amp;utm_medium=post&amp;utm_campaign=social_sharing">parte 1</a></li>



<li class="">Marie-Claude Veilleux &#8211; Radio Canada &#8211; Ici Estrie &#8211; <a href="https://www.facebook.com/share/1LrLVA59gc/">Estas fotos son realmente bellas y fascinantes</a></li>



<li class="">L&#8217;Express Drummondville &#8211; <a href="https://www.journalexpress.ca/2024/02/04/musee-de-la-photographie-un-vernissage-sous-le-signe-de-la-relance/">Musée de la Photographie: un vernissage de relanzamiento</a></li>



<li class="">Radio-Canada &#8211; Ohdio &#8211; Vivement le retour &#8211; Laurie Dufresne &#8211; Anik Moulin &#8211; <a href="https://ici.radio-canada.ca/ohdio/premiere/emissions/vivement-le-retour/segments/rattrapage/1124556/exposition-blue-mood-photographe-jean-luc-wolff">Blue Mood</a></li>



<li class="">Radio-Canada &#8211; Ohdio &#8211; Toujours le matin &#8211; Marie-Claude Julien Fabiola Toupin &#8211; <a href="https://ici.radio-canada.ca/ohdio/premiere/emissions/toujours-le-matin/segments/rattrapage/1116661/nouvelles-culturelles-avec-fabiola-toupin">Blue Mood</a></li>



<li class="">Radio-Canada &#8211; Ohdio &#8211; Par ici l&#8217;info &#8211; Mathieu Beaumont &#8211; <a href="https://ici.radio-canada.ca/ohdio/premiere/emissions/Par-ici-l-info/segments/rattrapage/1361709/culture-exposition-photographe-jean-luc-wolf-a-drummondville">Blue Mood</a></li>



<li class="">Le Musée de la Photographie Desjardins &#8211; Jocelyne Fortin, Directora, inaugura &#8220;Blue Mood&#8221; &#8211; <a href="https://www.facebook.com/share/v/14DPMdUshxG/">Extracto del vernissage</a></li>



<li class="">Anik Moulin &#8211; Radio Canada &#8211; Ici Estrie &#8211; <a href="https://www.facebook.com/share/p/1A2bUbgiRt/">El fotógrafo Jean-Luc Wolff nos invita a pasear y meditar por las largas playas de Maine</a></li>



<li class="">El Ojo de la Fotografía &#8211; Es verano &#8211; <a href="https://loeildelaphotographie.com/fr/cest-lete-jean-luc-wolff-3/">Guadalupe</a></li>



<li class="">L&#8217;Oeil de la Photographie &#8211; Es verano &#8211; <a href="https://loeildelaphotographie.com/fr/cest-lete-jean-luc-wolff-2/">Hulot 2.0</a></li>



<li class="">L&#8217;Oeil de la Photographie &#8211; Es verano &#8211; <a href="https://loeildelaphotographie.com/fr/cest-lete-jean-luc-wolff/">South Beach</a></li>
</ul>

<p class="wp-block-paragraph"></p>
